32?
True
Is 243 a factor of 394178?
False
Is 1184290 a multiple of 647?
False
Is 96 a factor of 781408?
False
Does 39 divide 6936696?
True
Is 110586 a multiple of 7?
True
Does 344 divide 313222?
False
Does 9 divide 29004?
False
Does 7 divide 62621?
False
Does 39 divide 859698?
False
Is 41 a factor of 1978168?
True
Is 299131 a multiple of 22?
False
Is 103 a factor of 2267994?
False
Is 46029 a multiple of 67?
True
Is 44 a factor of 128216?
True
Does 118 divide 6388?
False
Is 599521 a multiple of 12?
False
Is 371 a factor of 2338?
False
Is 12157452 a multiple of 18?
True
Is 9548 a multiple of 341?
True
Is 9 a factor of 2614578?
False
Is 11 a factor of 269113?
False
Is 18 a factor of 157086?
True
Is 18822 a multiple of 14?
False
Does 185 divide 2516411?
False
Is 1887 a factor of 12976899?
True
Is 288 a factor of 66528?
True
Is 882 a factor of 627102?
True
Is 209095 a multiple of 30?
False
Is 660044 a multiple of 28?
True
Is 147265 a multiple of 125?
False
Is 158 a factor of 1737526?
True
Is 138945 a multiple of 3?
True
Does 5 divide 450436?
False
Does 13 divide 121993?
False
Does 7 divide 2730?
True
Is 425238 a multiple of 379?
True
Is 14661724 a multiple of 22?
True
Does 565 divide 12223451?
False
Is 11 a factor of 2058382?
False
Is 8 a factor of 15718?
False
Is 2421 a multiple of 3?
True
Is 5178750 a multiple of 1976?
False
Is 63 a factor of 538683?
False
Is 5 a factor of 167961?
False
Is 1618232 a multiple of 71?
True
Is 4149080 a multiple of 11?
False
Is 904628 a multiple of 76?
True
Does 1345 divide 2063230?
True
Is 67728 a multiple of 16?
True
Does 22 divide 1323030?
False
Does 1181 divide 1664029?
True
Is 7740347 a multiple of 14?
False
Does 30 divide 8001383?
False
Is 1063428 a multiple of 332?
False
Does 101 divide 125759?
False
Is 974106 a multiple of 132?
False
Is 60 a factor of 333060?
True
Is 977265 a multiple of 405?
True
Does 66 divide 76692?
True
Does 208 divide 8325824?
True
Is 317497 a multiple of 17?
False
Is 37 a factor of 945202?
True
Is 4867128 a multiple of 21?
True
Is 1497738 a multiple of 242?
True
Does 168 divide 2045497?
False
Does 46 divide 3126535?
False
Is 148 a factor of 5011889?
False
Is 284 a factor of 3343108?
False
Does 17 divide 2114747?
False
Is 1981944 a multiple of 217?
False
Does 12 divide 2703544?
False
Does 34 divide 178126?
True
Does 26 divide 163844?
False
Is 281813 a multiple of 9?
False
Is 10742 a multiple of 41?
True
Does 44 divide 8602371?
False
Is 55484 a multiple of 234?
False
Is 4634 a multiple of 9?
False
Does 96 divide 1754015?
False
Is 627433 a multiple of 3?
False
Is 10425786 a multiple of 518?
True
Does 136 divide 952069?
False
Is 342 a factor of 210672?
True
Does 21 divide 5492067?
True
Is 112 a factor of 230010?
False
Is 7 a factor of 857173?
False
Is 2 a factor of 4550558?
True
Is 119658 a multiple of 14?
True
Is 1647460 a multiple of 10?
True
Does 23 divide 1976148?
False
Is 2089261 a multiple of 10?
False
Is 553130 a multiple of 12?
False
Does 57 divide 350322?
True
Is 4 a factor of 584564?
True
Is 368051 a multiple of 193?
True
Is 23 a factor of 108698?
True
Is 3815 even?
False
Is 1263805 a multiple of 12?
False
Does 32 divide 2076672?
True
Is 243117 a multiple of 21?
True
Is 11 a factor of 50974?
True
Is 3167568 a multiple of 72?
True
Is 105 a factor of 169365?
True
Does 356 divide 1929520?
True
Is 2168858 a multiple of 4?
False
Is 97 a factor of 99037?
True
Is 33 a factor of 12958869?
True
Is 8 a factor of 398640?
True
Is 123 a factor of 33151?
False
Is 29 a factor of 1986761?
True
Is 7 a factor of 9785601?
True
Does 6 divide 51042?
True
Is 61574 a multiple of 209?
False
Is 392 a factor of 372400?
True
Is 53502 a multiple of 98?
False
Is 402 a factor of 110148?
True
Is 31 a factor of 19011?
False
Is 2713836 a multiple of 834?
True
Does 12 divide 15491903?
False
Is 171 a factor of 2021398?
False
Is 765602 a multiple of 67?
False
Is 2001636 a multiple of 364?
True
Is 149 a factor of 956130?
False
Is 4213074 a multiple of 455?
False
Does 4 divide 113721?
False
Is 789 a factor of 3201762?
True
Does 64 divide 819008?
True
Does 363 divide 10176392?
False
Does 32 divide 247668?
False
Is 1514737 a multiple of 113?
False
Does 10 divide 443790?
True
Does 16 divide 224320?
True
Does 14 divide 159973?
False
Does 1448 divide 7530535?
False
Is 2 a factor of 76036?
True
Is 4814590 a multiple of 346?
True
Is 9 a factor of 1963584?
True
Does 177 divide 1349999?
False
Does 6 divide 5598364?
False
Is 18 a factor of 1300842?
True
Is 15 a factor of 862342?
False
Is 821 a factor of 2624781?
False
Does 356 divide 719832?
True
Does 27 divide 52102?
False
Does 18 divide 176568?
False
Is 3366355 a multiple of 76?
False
Is 51 a factor of 487064?
False
Does 19 divide 3107214?
False
Does 48 divide 157183?
False
Is 422854 a multiple of 177?
False
Does 83 divide 121131?
False
Does 38 divide 243553?
False
Is 219 a factor of 4892460?
True
Is 28 a factor of 1495642?
False
Is 704414 a multiple of 146?
False
Is 2 a factor of 25079?
False
Is 17368 a multiple of 8?
True
Is 932297 a multiple of 17?
True
Is 40896334 a multiple of 87?
False
Is 266475 a multiple of 33?
True
Is 1393238 a multiple of 913?
True
Does 233 divide 198283?
True
Is 114219 a multiple of 346?
False
Does 65 divide 1411215?
True
Is 1605528 a multiple of 27?
True
Is 30 a factor of 1890756?
False
Does 19 divide 38051?
False
Is 769424 even?
True
Is 42969 a multiple of 70?
False
Is 16500 a multiple of 75?
True
Is 55 a factor of 84131?
False
Is 22 a factor of 105358?
True
Does 601 divide 212330?
False
Is 501 a factor of 180707?
False
Is 704340 a multiple of 15?
True
Does 13 divide 5494279?
False
Is 27 a factor of 217107?
True
Is 652 a factor of 15483044?
True
Is 20196441 a multiple of 29?
True
Is 370356 a multiple of 28?
True
Does 307 divide 31007?
True
Does 62 divide 199950?
True
Does 11 divide 7689?
True
Is 12 a factor of 4121331?
False
Is 40 a factor of 1380440?
True
Is 388128 a multiple of 208?
True
Is 175 a factor of 158375?
True
Is 461 a factor of 4206853?
False
Is 6672085 a multiple of 4?
False
Is 142 a factor of 349735?
False
Is 20 a factor of 67000?
True
Is 655457 a multiple of 367?
False
Does 11 divide 27005?
True
Is 230 a factor of 306700?
False
Is 2102 a multiple of 2?
True
Is 4 a factor of 16919?
False
Is 6169137 a multiple of 13?
True
Is 708750 a multiple of 250?
True
Is 168 a factor of 2577120?
True
Is 30 a factor of 740850?
True
Does 10 divide 71999?
False
Is 23217 a multiple of 11?
False
Is 60 a factor of 303470?
False
Does 5 divide 630957?
False
Does 107 divide 2185689?
True
Is 375 a factor of 293489?
False
Does 14 divide 19806032?
False
Is 90 a factor of 408144?
False
Is 21 a factor of 983224?
False
Does 412 divide 740040?
False
Is 675459 a multiple of 11?
False
Does 414 divide 1484516?
False
Is 105 a factor of 1917025?
False
Does 116 divide 1175660?
True
Does 219 divide 5246145?
True
Is 3023530 a multiple of 67?
False
Does 13 divide 18655?
True
Is 876177 a multiple of 373?
True
Does 985 divide 24038925?
True
Is 74 a factor of 15116810?
False
Does 5 divide 965801?
False
Does 3 divide 198238?
False
Does 47 divide 96488?
False
Is 81549 a multiple of 100?
False
Is 134776 a multiple of 10?
False
Is 704 a factor of 604032?
True
Does 53 divide 2611734?
True
Does 49 divide 2437505?
True
Does 120 divide 4099200?
True
Is 337 a factor of 818151?
False
Is 1284 a factor of 8153400?
True
Does 36 divide 1287757?
False
Is 1234854 a multiple of 29?
False
Is 1902996 a multiple of 97?
False
Is 40 a factor of 4226760?
True
Is 54 a factor of 171400?
False
Is 61 a factor of 31150299?
False
Is 27 a factor of 1249644?
False
Does 255 divide 141704?
False
Is 305324 a multiple of 158?
False
Is 105 a factor of 461053?
False
Is 6 a factor of 16278?
True
Does 817 divide 2973880?
True
Does 123 divide 645309?
False
Is 14 a factor of 451414?
False
Is 306 a factor of 453234?
False
Is 6646559 a multiple of 21?
False
Is 16911 a multiple of 55?
False
Does 13 divide 1073064?
False
Is 839650 even?
True
Is 8363488 a multiple of 28?
True
Is 104967 a multiple of 6?
False
Does 5 divide 53463?
False
Does 300 divide 745812?
False
Is 43 a factor of 214697?
False
Is 7 a factor of 3159114?
True
Is 274483 a multiple of 30?
False
Is 1077606 a multiple of 311?
False
Is 10 a factor of 1